 s(d). What is the hundreds digit of l(0)?
3
Let o(k) = 35*k**2 + 22*k + 45. What is the hundreds digit of o(15)?
2
Suppose -3*l - 5*a - 10 = 2*l, 4*a = 4*l + 24. What is the tens digit of (920/(-30) + -8)*78/l?
5
Suppose 0 = 4*g + 5*t - 41, 5*g + 7*t = 10*t + 5. Suppose g*a - 5*b - 3143 = 0, 0 = 5*b - 9 + 4. What is the units digit of a?
7
Let o = -24898 + 76548. What is the units digit of o?
0
Let h(t) = 95*t**2 + 11*t + 287. What is the tens digit of h(19)?
9
Let s(m) be the third derivative of -3*m**4/8 + 145*m**3/3 + 2*m**2 + 94. What is the hundreds digit of s(-15)?
4
Suppose -15*l = -176789 + 37394. What is the hundreds digit of l?
2
Suppose 0 = -131*o - 110*o + 3675009. What is the thousands digit of o?
5
Suppose 3*z = 2*i - 25, -2*i + 3*z - 2*z + 15 = 0. Suppose 2*f + 4*l + 10 = 0, 3*l - 9 = -3*f + i*l. What is the units digit of (20/(-6))/f*(1 - 46)?
0
Let z(x) = 29*x**2 - 6*x + 4. Let h = -3 + 5. Let a be z(h). Suppose 3*t - 261 = w - a, -t - w + 47 = 0. What is the tens digit of t?
5
Let x(c) = 1129*c + 86. What is the thousands digit of x(5)?
5
Suppose 792 = i - 2*m, 1579 = 5*i - m - 2354. What is the units digit of i?
6
Let c(z) be the first derivative of z**4/4 - 14*z**3/3 + 15*z**2/2 + 18*z - 29. Let g be c(12). What is the units digit of 0 - -85 - g/(-30)?
2
Let p be 5/(402/(-202) - -2). Suppose 18*g - 271 = 17*g. Let v = p - g. What is the hundreds digit of v?
2
Let f = 7057 + -1804. What is the hundreds digit of f?
2
Suppose -3*w = -2*n - 3, 2*w + 5*n = -3*w + 30. Let v(o) = -o**w + 69 + 63 - 36 - o. What is the units digit of v(0)?
6
Suppose 4*h = 4*w + 4, -4*w + 0*h = -3*h. Suppose -w*v + 30 = 5*m, -5*m = -2*m - 9. Suppose v*j = -n + 167 - 10, -j - 3*n + 23 = 0. What is the tens digit of j?
3
Suppose -25752 = -5*t - r, -4*t - r + 28678 - 8077 = 0. What is the units digit of t?
1
Suppose 106*t - 42371 = 16*t + 58969. What is the units digit of t?
6
Let t(k) = -7*k - 5. Let f(u) = -17 - 3*u + u - 4 + 4*u. Let r be f(7). What is the units digit of t(r)?
4
Let w = 321 - 305. Suppose w = 2*j + 2*j, -2*z + 2*j = -1186. What is the hundreds digit of z?
5
Suppose d - 2*o = -4 - 2, o - 2 = 0. Let u be (d/(-3))/(-6 - (-112)/18). Suppose -198 = -r - 4*h, u*r + h + h - 624 = 0. What is the units digit of r?
0
Suppose -212 = 3*q - 3017. Suppose -s + q = 2*u, 5*u - 2*s - 3052 + 737 = 0. What is the tens digit of u?
6
Let i = -46078 + 70517. What is the hundreds digit of i?
4
Suppose -376126 + 4662 = -296*s + 60*s. What is the units digit of s?
4
Suppose w - 11 + 14 = 3*z, -15 = 5*w. Suppose z = 2*n, 0*n - 5*n + 1158 = 3*u. What is the hundreds digit of u?
3
Let x(q) = 17*q**2 - 78*q + 3501. What is the hundreds digit of x(40)?
5
Suppose -14*h - 18834 = 17104. Let j = -1396 - h. What is the hundreds digit of j?
1
Let j(z) = -97*z + 3. Let x = -417 + 406. What is the hundreds digit of j(x)?
0
Let d(m) = 2*m - 23. Let k be d(14). Suppose k*t - 3*v - 69 = 0, 1 + 2 = -t - 5*v. Suppose 8*x = t*x - 248. What is the units digit of x?
2
Let m = 20617 + -11907. What is the thousands digit of m?
8
Let a = 60 - 50. Let q be (-4)/(-5)*a/4 + -8. What is the units digit of (-8288)/(-42) - 4/q?
8
Let n be ((-4)/(-1) - 8)/(-2). Suppose 0 = -n*a + 5*s + 1042, -a - 3*s - s + 521 = 0. What is the tens digit of a?
2
Suppose 3*i = 2*n - 3, -n + 5*i - 2*i = 0. Suppose 8*l - 10 = n*l, -l = -f + 33. What is the tens digit of f?
3
Suppose 3*t + 40*t = 580887. Suppose 21*m - 40*m + t = 0. What is the tens digit of m?
1
Suppose -2*j + 4*j = 4*x - 88, 3*x + j = 56. Let s(l) = -l**3 + 19*l**2 + 22*l - 36. What is the units digit of s(x)?
4
Let i = -592 + 307. Let b = -262 + 702. Let o = b + i. What is the hundreds digit of o?
1
Suppose 5*c = -5*a - 5, 13 - 21 = 4*a + 3*c. Let i(q) be the second derivative of -13*q**3/6 - 17*q**2/2 + q. What is the units digit of i(a)?
8
Let a(w) = 579*w**2 + 211*w + 1056. What is the tens digit of a(-5)?
7
What is the ten thousands digit of (82696/(-14) - 0)/((-26)/91)?
2
Let g = 22 + -20. Suppose 0 = m - 3*m - 5*c + 1092, 0 = c + g. What is the tens digit of m?
5
Let w(c) = -101*c - 47 - 24*c - 92*c + 24*c. What is the hundreds digit of w(-8)?
4
Let b(g) = -4*g + 26. Let r be (-3)/((-6)/4) - 0. Let m be (-1)/((r/(-39))/((-6)/9)). What is the units digit of b(m)?
8
Let l(a) = 107*a**3 + a**2 - a + 1. Let v be l(1). Let b = -2722 - -3005. Suppose -3*s + b = -5*c, -4*c + 184 = 3*s - v. What is the tens digit of s?
9
Suppose w = 9, 7580 + 16421 = 2*c + 3*w. What is the thousands digit of c?
1
Let k(r) = -31*r + 277. Let m be k(9). What is the tens digit of m/(-14) + (-163714)/(-161)?
1
Suppose 0 = -4*w - 16, -2*f = -w - 74 - 1064. Suppose -f = 30*c - 39*c. What is the units digit of c?
3
Let w(n) = n - 8. Let t be w(12). Suppose -816 - 428 = -t*h. Suppose 0 = 6*d - 415 - h. What is the units digit of d?
1
Let p = 25 - 23. Suppose 5*a - p*j = -4*j + 309, j = 3*a - 192. Suppose 98 = b + 4*f, -4*f = -b - f + a. What is the units digit of b?
8
What is the units digit of (-15)/(-12)*((-2451)/(-95) + -21)?
6
Suppose 3*i + 8 = -3*g - 43, 0 = 3*i - 4*g + 16. Let c be -3*2/2*208/i. Suppose 36*u = 34*u + c. What is the tens digit of u?
2
Suppose -34*a + 37*a = 30. Let s = a + -31. What is the tens digit of 1240/14 - (-3 + (-54)/s)?
8
Suppose 2*x - 15 = -3*x. Suppose x*b + 6 = r, 2*r + 3*b - 12 = 2*b. What is the tens digit of (339/r)/((3/(-6))/(-1))?
1
Let r(a) = -a**2 + 4*a - 5. Let w be r(-26). Let z = 1290 + w. What is the tens digit of z?
0
Let k be 0 + 0*(-5)/(-20). Suppose -11*w + 15*w - 3340 = k. What is the units digit of w?
5
Suppose -11*n + 3248 + 63 = 0. Let u = n - -363. What is the tens digit of u?
6
Let f = -68554 + 154362. What is the ten thousands digit of f?
8
Let m = -4925 - -6198. What is the units digit of m?
3
Suppose 0*d + 5*d - 20 = -4*h, 2*h = -d + 16. Let q be 37/4 + 12/(-48). Suppose q*w = h*w - 85. What is the units digit of w?
5
Suppose -r + 5*k + 30632 = -4737, 5*k = -5*r + 176695. What is the units digit of r?
4
Let a(b) = 7*b**2 + 11*b + 6. Let n be a(-13). Let v = n + -458. Suppose -5*y = y - v. What is the units digit of y?
8
Suppose 4*q - 3*y = 232695, -206 = -4*y - 178. What is the units digit of q?
9
Let c(n) = n**2 - 20*n + 53. Let w be c(3). Suppose 1040 = 10*y - 6*y + 2*k, -w*k - 8 = 0. What is the tens digit of y?
6
Let g(j) = -9*j**3 + j**2 - 15*j - 14. Let n be g(-3). Suppose 552 = 2*y + 3*c, 0 = 2*y - c - n - 269. What is the hundreds digit of y?
2
What is the hundreds digit of 7/(12*13/305136)?
6
Suppose -16*l + 11*l = -20. Suppose -z + l = 2. What is the tens digit of z/4 - (-792)/16?
5
Let k(h) = -42*h**3 + 6*h**2 + 18*h + 56. Let i be k(-8). Suppose 26*f - i + 116 = 0. What is the units digit of f?
4
Let t(d) = d - 1. Let h be t(3). Let b = 129 + -134. What is the units digit of b*(-8 - -4) - h?
8
Let c(m) = -m**2 + 9*m - 8. Let y be c(7). Let x(p) = p**2 + 27*p - 151. What is the tens digit of x(y)?
4
Let k(d) be the first derivative of 9*d**2 + 67*d - 9. What is the units digit of k(12)?
3
Suppose -451*q + 429*q = -252494. What is the units digit of q?
7
Let w(v) = -17*v - 63. Suppose -3*m = 4 - 1, 10 = s - 4*m. Let k(n) = n**2 - 15*n + 39. Let g be k(s). What is the hundreds digit of w(g)?
1
Suppose 5*s - 32384 = -3*j + 7690, -53409 = -4*j + s. What is the tens digit of j?
5
What is the tens digit of ((-22)/65)/((-2)/85180) - 74/962?
1
Let d = -10925 + 41823. What is the thousands digit of d?
0
Suppose -7614380 = -373*t + 3202247. What is the ten thousands digit of t?
2
Let r(w) = -258*w**3 - w**2 + 3*w + 4. Let y be r(-1). Suppose y*l - 254*l = 1300. What is the units digit of l?
5
Let f(l) = l**3 - 2*l + 4. Let b be f(0). What is the units digit of b/(-18) - 17500/(-180)?
7
Suppose 2*d - 8 = 6*d, -417 = -5*o - 4*d. Suppose 4*b - o = -73. What is the units digit of b - 0 - -9 - 3 - 0?
9
Suppose -1152123 = -38*f - 248041 + 410034. What is the ten thousands digit of f?
3
Let g(l) = 2*l - 3. Let o be g(3). Let i = o - -32. What is the units digit of (i/(-15))/(2/(-84))?
8
Let s(d) = 2*d**3 + 10*d**2 - 4*d - 18. Let g be s(-5). Suppose 5*m = -5*t + 1795, -g*m = -5*t - m + 1789. What is the tens digit of t?
5
Let f be ((-478)/(-2))/((-44)/6 + 7). Let m = f - -1075. What is the hundreds digit of 